{"id":6693,"date":"2025-10-26T01:51:53","date_gmt":"2025-10-26T01:51:53","guid":{"rendered":"https:\/\/vivol.mx\/?post_type=product&#038;p=6693"},"modified":"2025-10-26T03:08:10","modified_gmt":"2025-10-26T03:08:10","slug":"sara-triple","status":"publish","type":"product","link":"https:\/\/vivol.mx\/index.php\/producto\/sara-triple\/","title":{"rendered":"Sara Triple"},"content":{"rendered":"<p data-start=\"173\" data-end=\"419\"><span style=\"color: #000000;\">El <strong data-start=\"218\" data-end=\"233\">Sara Triple<\/strong> est\u00e1 dise\u00f1ado\u00a0 con <strong data-start=\"332\" data-end=\"359\">tres apartados internos<\/strong> te permite mantener todo organizado.<\/span><\/p>\n<p data-start=\"421\" data-end=\"446\"><span style=\"color: #000000;\"><strong data-start=\"424\" data-end=\"444\">\u2728 Caracter\u00edsticas:<\/strong><\/span><\/p>\n<ul>\n<li data-start=\"449\" data-end=\"502\"><span style=\"color: #000000;\">Medidas: <strong data-start=\"458\" data-end=\"500\">26 cm (largo) x 16 cm (alto) x 10 cm (ancho)<\/strong><\/span><\/li>\n<li data-start=\"505\" data-end=\"565\"><span style=\"color: #000000;\"><strong data-start=\"505\" data-end=\"539\">Tres compartimentos interiores<\/strong> para mejor organizaci\u00f3n<\/span><\/li>\n<li data-start=\"568\" data-end=\"603\"><span style=\"color: #000000;\"><strong data-start=\"568\" data-end=\"591\">Dos cierres dorados<\/strong> uno en el interior en el apartado de enmedio<\/span><\/li>\n<li data-start=\"606\" data-end=\"664\"><span style=\"color: #000000;\"><strong data-start=\"606\" data-end=\"632\">Correa larga ajustable<\/strong> para usar al hombro o cruzado<\/span><\/li>\n<li data-start=\"667\" data-end=\"728\"><span style=\"color: #000000;\">Elaborado en <strong data-start=\"680\" data-end=\"726\">vinipiel de alta calidad con textura suave<\/strong><\/span><\/li>\n<li data-start=\"731\" data-end=\"794\"><span style=\"color: #000000;\"><strong data-start=\"731\" data-end=\"759\">Herrajes finos en dorado<\/strong> que aportan un toque sofisticado<\/span><\/li>\n<\/ul>\n<p data-start=\"796\" data-end=\"820\"><span style=\"color: #000000;\">\u2728 <strong data-start=\"798\" data-end=\"818\">Personalizaci\u00f3n:<\/strong><\/span><\/p>\n<ul>\n<li data-start=\"823\" data-end=\"871\"><span style=\"color: #000000;\">Incluye <strong data-start=\"831\" data-end=\"858\">2 letras o una estrella<\/strong> a elecci\u00f3n<\/span><\/li>\n<li data-start=\"874\" data-end=\"931\"><span style=\"color: #000000;\">Puedes agregar m\u00e1s letras o s\u00edmbolos como <strong data-start=\"916\" data-end=\"929\">extra ($)<\/strong><\/span><\/li>\n<\/ul>\n<p><span style=\"color: #000000;\">Un bolso vers\u00e1til, elegante y moderno que combina con todo. Perfecto para el d\u00eda a d\u00eda o para elevar cualquier look.<\/span><\/p>\n","protected":false},"excerpt":{"rendered":"<p><span style=\"color: #000000;\"><strong>Bolso Sara Triple\u00a0<br data-start=\"1171\" data-end=\"1174\" \/><\/strong><\/span><\/p>\n<p><span style=\"color: #000000;\">Medidas: 26\u00d716\u00d710 cm | 3 apartados | 2 cierres dorados | Correa larga ajustable | Incluye 2 letras o estrella (extras $).<\/span><\/p>\n","protected":false},"featured_media":6710,"comment_status":"open","ping_status":"closed","template":"","meta":{"_joinchat":[]},"product_brand":[],"product_cat":[173],"product_tag":[223,65,222,185,71],"class_list":{"0":"post-6693","1":"product","2":"type-product","3":"status-publish","4":"has-post-thumbnail","6":"product_cat-crossbody","7":"product_tag-bolsita","8":"product_tag-bolso-pequeno","9":"product_tag-crossbody","10":"product_tag-rosita","11":"product_tag-verde","12":"entry","14":"first","15":"instock","16":"taxable","17":"shipping-taxable","18":"purchasable","19":"product-type-variable"},"jetpack_sharing_enabled":true,"_links":{"self":[{"href":"https:\/\/vivol.mx\/index.php\/wp-json\/wp\/v2\/product\/6693","targetHints":{"allow":["GET"]}}],"collection":[{"href":"https:\/\/vivol.mx\/index.php\/wp-json\/wp\/v2\/product"}],"about":[{"href":"https:\/\/vivol.mx\/index.php\/wp-json\/wp\/v2\/types\/product"}],"replies":[{"embeddable":true,"href":"https:\/\/vivol.mx\/index.php\/wp-json\/wp\/v2\/comments?post=6693"}],"wp:featuredmedia":[{"embeddable":true,"href":"https:\/\/vivol.mx\/index.php\/wp-json\/wp\/v2\/media\/6710"}],"wp:attachment":[{"href":"https:\/\/vivol.mx\/index.php\/wp-json\/wp\/v2\/media?parent=6693"}],"wp:term":[{"taxonomy":"product_brand","embeddable":true,"href":"https:\/\/vivol.mx\/index.php\/wp-json\/wp\/v2\/product_brand?post=6693"},{"taxonomy":"product_cat","embeddable":true,"href":"https:\/\/vivol.mx\/index.php\/wp-json\/wp\/v2\/product_cat?post=6693"},{"taxonomy":"product_tag","embeddable":true,"href":"https:\/\/vivol.mx\/index.php\/wp-json\/wp\/v2\/product_tag?post=6693"}],"curies":[{"name":"wp","href":"https:\/\/api.w.org\/{rel}","templated":true}]}}